. Calculate b(z).
9
Suppose 5*b = -5*f, 109 = b - 114 + 219. Let z(n) = -n**3 - 5*n**2 - 3*n - 6. Calculate z(f).
-10
Let v(u) = -3*u**3 + 15*u**2 + 14*u + 8. Let w(p) = -2*p**3 + 14*p**2 + 13*p + 7. Let n(z) = -3*v(z) + 4*w(z). Let a = 95 + -105. Give n(a).
4
Let n(x) = -98*x**3 - x**2 + 2*x + 47*x**3 + 52*x**3 + 2*x. Determine n(0).
0
Let x = -14 - 2. Let w = 21 + x. Let z(n) = 5*n**2 - 5*n + n**3 - 3*n**2 - 8*n**2 + 11*n. What is z(w)?
5
Let a(y) = -5*y - 39. Let u(q) = -4*q - 34. Let b(h) = -3*a(h) + 4*u(h). Determine b(-23).
4
Let v(o) = 6*o**3 + o**2 - 2*o. Let w = -3299 - -3301. Calculate v(w).
48
Let a(r) = 562 + r**2 + 575 - 16*r - 1586 + 530. What is a(8)?
17
Let v = -50 - -52. Let w(n) be the first derivative of -n**2 + 34*n - 3. Let h(f) = f - 16. Let b(t) = v*w(t) + 5*h(t). Give b(5).
-7
Suppose 5*v - i = -166 + 80, 39 = -2*v + 5*i. Let z(h) = -h**3 - 16*h**2 + 12*h - 41. Give z(v).
44
Let v(g) = -g**3 - 4*g**2 - 19*g - 47. Suppose 164*s + 121*s = -177*s - 1386. What is v(s)?
1
Let m(c) = 6*c - 1. Let l(v) = 2*v**2 - 9*v + 33. Let x be l(6). Let a = x - 46. Let k be (0 - 0) + a + -1 + 0. What is m(k)?
23
Let j(h) = -2*h**2 + 16*h + 3. Let i(u) be the first derivative of u**3 - 29*u**2/2 - 7*u + 161. Let m(p) = 3*i(p) + 5*j(p). Calculate m(-6).
0
Let r(h) = h + 7. Let q be r(-5). Let a(k) = -q*k + k - 11 + 11. Suppose -5*w + 4*z + 23 = 0, w + 6*z = 2*z - 5. Calculate a(w).
-3
Let m(f) be the first derivative of -25*f**2/2 - 456*f + 5478. Determine m(-18).
-6
Let w be ((-3)/(-5))/((-33)/(-990)). Let b(r) = -w*r - 26*r**2 - 8*r**2 - 10 + 0*r**2 + 35*r**2. What is b(18)?
-10
Let n = 200 - 183. Suppose 11*g - n*g - 36 = 0. Let s(f) = 3*f + 9. Calculate s(g).
-9
Let j be 46/(-10) + 36/405*18. Let o(g) = 2*g**2 + 10*g + 16. Give o(j).
4
Let c(s) be the third derivative of -17/60*s**5 + 1/120*s**6 + 17/6*s**3 + 5/8*s**4 - 45*s**2 + 0*s + 0. What is c(16)?
1
Suppose -4*l + d + 8 = 0, 0*l - 5*d + 26 = 2*l. Let g be 1*(-4)/8 + (-15)/(-6). Let w(p) = -3*p**3 + p**g + 8*p**l - 4 + 5*p - 6*p**3. What is w(3)?
-7
Suppose 1040 = -91*u - 429*u. Let o(f) = 16*f + 31. Determine o(u).
-1
Let g(a) = -a + 5. Let u(d) = d**3 + 3*d**2 - 16*d - 21. Let t be (136/40 - (-3)/5) + -9. Let w be u(t). What is g(w)?
-4
Let j = -23 + 35. Suppose -4 = -8*i + j*i. Let y(d) be the second derivative of d**5/10 - d**4/12 - d**3/3 - d**2/2 + 180*d. What is y(i)?
-2
Suppose -458 = -2*c + 250. Suppose -136*q = -138*q - c. Let a be q/(-90)*4 + (-2)/(-15). Let p(y) = 2*y - 7. Give p(a).
9
Let a be (-8)/(-34) + 45408/5848. Let z(v) be the first derivative of v**3/3 - 4*v**2 - 6*v + 1. What is z(a)?
-6
Let h(c) be the first derivative of -c**5/60 - 5*c**4/24 + 13*c**3 + 38. Let w(r) be the third derivative of h(r). Calculate w(-4).
3
Suppose -2*n - 24 = -4*g, n = -g + 6*g - 39. Let i(f) = -f**3 + 8*f**2 + 9*f + 11. What is i(g)?
11
Suppose -3*v + v - 16 = 4*g, -3*v - 8 = -2*g. Let b be (6/4)/(78/(-24) - v). Let c(h) = -b*h - 2*h + 8*h + 5 - 3*h. Calculate c(-6).
-1
Let x(q) = -16*q**2 - 6*q + 3. Let o(c) = -11*c**2 - 4*c + 2. Suppose -3*u - 5*k = 24, 0 = u + 4*u - k + 40. Let a(h) = u*o(h) + 5*x(h). Give a(1).
9
Let z(c) = -26*c - 141. Let b(g) = 105*g + 564. Let q(f) = -5*b(f) - 21*z(f). Let v be q(-7). Let y(s) = -s**3 - 7*s**2 - 8*s - 8. What is y(v)?
4
Let k(j) = -322*j + 5. Let a(o) = -202*o + 3. Let f(p) = 8*a(p) - 5*k(p). Let l be ((-2)/(-4))/(2/(-4)). What is f(l)?
5
Let b(u) = -53*u**2 + 21*u**2 - 21 + 24 + 33*u**2 - 10*u. Determine b(11).
14
Suppose 1537*u - 4063 = 1636 + 1986. Let r(z) = -2*z**3 + 17*z**2 + 9*z + 15. Let v(i) = -i**3 + 8*i**2 + 4*i + 7. Let b(m) = 3*r(m) - 7*v(m). Determine b(u).
-9
Let w(s) = -5*s**3 + 2*s + 5. Let d(o) = -9*o**3 - o**2 + 5*o + 9. Let m be (-2)/5 - 36/10. Let y(r) = m*d(r) + 7*w(r). Determine y(-5).
4
Let o(t) = -4 - 315*t**2 - 12 - 298*t**2 - 14*t - 291*t**2 + 905*t**2. What is o(15)?
-1
Let l be (-4)/3*81/(-36). Let n be l - (-2)/(-2)*3. Let d(p) = 2 + 3*p**2 + 0 - p**3 + 3*p**2 - 5*p**2. What is d(n)?
2
Let p(d) = d - 12. Suppose 2*h - 89 = 3*l, 4*h = -4*l - l - 141. Let r = l - -24. Let k(i) = -5*i - 16. Let b be k(r). Give p(b).
-3
Let w(z) be the third derivative of -z**5/20 - 323*z**2 + 4*z + 2. Determine w(2).
-12
Let t(g) = -2*g**2 - 2*g + 1. Let d(b) = -b**2 - 5*b + 10. Let s be d(0). Let k be (-1 - -3)/(s/5). Give t(k).
-3
Let c(r) = -r**2 - 16*r + 12. Let l be 30 + -10 + -11 - 18. Give c(l).
75
Let x(r) = -2*r**2 - 11*r + 17. Suppose -15*f + 136016 = 136121. Give x(f).
-4
Let y(w) be the second derivative of -w**5/20 - 7*w**4/12 + 32*w**3/3 + 18*w**2 + 4733*w. Give y(-12).
-12
Let z(w) = w + 12. Let b be (-56 - 4)/(-6)*1. Suppose 0 = -b*t - 9*t - 114. Give z(t).
6
Let k be ((-8)/6)/((-2)/12). Let l(g) = g**2 - 8*g - 10. Calculate l(k).
-10
Let y(o) be the second derivative of o**4/12 - 5*o**3/6 - 3*o**2 + 87*o. Let t = 13 + -8. What is y(t)?
-6
Let h(i) = -7*i**3 - 10 + 13*i**2 + 28*i**2 - 46*i**2 + 6*i**3 + 0*i**3 + 13*i. Calculate h(-7).
-3
Let a(i) = 7*i**2 - 12*i + 6. Let r(q) = -q + 21. Let z be r(19). Let w be a(z). Let s(c) = c**3 - 9*c**2 - 10*c - 4. What is s(w)?
-4
Let x(d) = -106*d - 1. Let a(g) = -625*g - 111. Let t(u) = a(u) - 6*x(u). Determine t(10).
5
Let w(b) be the first derivative of b**2 - 29*b + 3996. Calculate w(23).
17
Let w(q) = q**3 + 6*q**2 - 8*q - 8. Suppose -2*r + r - 7 = 0. Let s be w(r). Let z(f) = -8*f**2 + f. Let h be z(s). Let l(o) = -o - 6. Calculate l(h).
3
Let d(p) = 3*p + 89. Let h(o) = -2*o**3 + 245*o**2 - 123*o + 91. Let z be h(122). Calculate d(z).
-4
Let r(y) = -y**2 + 3*y - 4. Let k(x) = -12*x**2 + 17*x - 48. Let i be k(7). Let a = i - -520. What is r(a)?
-4
Let d(a) = -a**3 - 9*a**2 - 7*a - 10. Let h(s) = s**3 + 9*s**2 + 7*s + 11. Let p(x) = -4*d(x) - 3*h(x). Let v be (34/(-5) + 2)*(-9385)/(-5631). Determine p(v).
15
Let a(l) = 2*l**2 + 3 + 5*l - l**2 + 0. Let h = -496 - -492. Let z be (4/1)/(-4)*h/(-1). Give a(z).
-1
Let r be (-1116)/(-3906)*(28/(-40))/((-12)/10). Let a(s) be the second derivative of 24 - 1/20*s**5 - 2*s + r*s**3 + 1/2*s**2 - 1/6*s**4. Calculate a(2).
-13
Suppose 0 = -6*j + 46 + 872. Let k = -160 + j. Let i(c) = c**2 + 7*c + 8. What is i(k)?
8
Let c(n) = -2*n**3 + 12*n**2 + 14*n - 12. Let q(z) = -z**3 + z**2 + z + 1. Let l(g) = -c(g) + q(g). Let p = -33859 - -33871. What is l(p)?
1
Let r be ((-81)/54)/(1 - 14/8). Let w be 68/(-51)*((-59)/r + -2). Let g(f) = 52*f + w*f + 45*f - 136*f. Give g(5).
15
Let k = 78 - 75. Let w(p) = 9*p + 4 - 12 + 9 - k*p. Determine w(-1).
-5
Let l(r) = -571 + 572 + 198*r**2 - 291*r**2 + 2*r. Determine l(-1).
-94
Suppose 0 = -28*w + 15048 - 14908. Let u(p) be the third derivative of 0*p - 1/15*p**6 + 0 - 1/12*p**4 + 2*p**2 - 1/6*p**3 + 0*p**w. Calculate u(-1).
9
Let q(g) = -15*g**2 + 159*g + 6. Let l(p) = 7*p**2 - 74*p - 2. Let i(t) = 13*l(t) + 6*q(t). Calculate i(4).
-6
Suppose -f + 5*y = 2*y - 2, 5*y + 2 = 2*f. Let v(z) = 141621*z**3 + 3 - 10 - 3 - 141622*z**3 - 4*z**2 - 3*z. What is v(f)?
2
Let o(p) = p**2 - p - 2*p**2 + 416 - 415. Suppose 0 = 2*m - 3*m. Suppose m = -i + 8*i. Give o(i).
1
Let l(x) = -52 + 113*x - 108*x + 51. Give l(-2).
-11
Suppose -2*c - 156 = 5*o + 2*c, 0 = 3*o + 5*c + 104. Let t(s) = s**2 + 32*s + 120. Let r be t(o). Let a(l) = -l**2 + 6*l + 7. What is a(r)?
-9
Let f(s) be the second derivative of -s**4/24 - s**3/3 + 35*s**2 - 2*s - 6. Let p(r) be the first derivative of f(r). Calculate p(4).
-6
Let n = -8 + 4. Let m(b) be the second derivative of -2*b - 33 - 3*b**2 - 1/2*b**3. Determine m(n).
6
Let k = -553 - -557. Suppose 8 = 8*o - k*o, 0 = -3*x + 4*o - 50. Let b(w) = w**2 + 14*w - 19. Determine b(x).
-19
Suppose 2*y + 15 = -3*k, -2*k - 21 = -0*y + 5*y. Let f(x) be the first derivative of x**2 + 2*x - 20. Calculate f(k).
-4
Let s(l) = -l - 4. Let x(n) = -7*n**2 - 4*n - 15. Let q(u) = -4*s(u) + x(u). Suppose 5*f + 11 = -m - 0*m, -f = -2*m. Give q(m).
-6
Suppose 21 - 24 = -76*j - 79. Let w(u) = 3*u + 8. Determine w(j).
5
Let i(j) = -j**3 - 7*j**2 - 11*j + 6. Let n be 12/(-6)*13/(-2). Let y = n + -11. Let s(r) = -r**3 - r**2 - r. Let a(h) = y*s(h) - i(h). Give a(6).
12
Let t(j) = j**3 - 9*j**2 + 5*j - 19. Let z(d) = -2*d**2 - 2*d + 4. Let w(g) = -t(g) - 4*z(g). Determine w(17).
54
Let d = 104 + -29. Let z(s